69
What is the value of -18 + 33 - (1164 - 1200 - (-1 - 2 - 1))?
47
What is 11 + -52 + 25 + (-13 - -1)?
-28
What is the value of 109 - (9 + -12 + (6 - 11) + 12 + -17)?
122
What is 104 - ((-42 - -262) + -43)?
-73
-65 + -2 + (-12 - -52)
-27
Calculate (-1 - 1) + 14 + (-26 + -14 - 1).
-29
Evaluate -16 + 35 + 61 + -34.
46
What is 7 + -1 + ((19 - 59) + 7 - 7)?
-34
What is 24 - (4 - ((-12 - (-12 + 12)) + 14))?
22
Calculate 11 - (-68 + 76 + (1 + 4 - (-14 - 27))).
-43
Calculate (-41 - -68) + 84 + 0 + -2 + 3 + -11.
101
What is -2 + 9 - ((39 - 48) + 12)?
4
(-53 - -38) + -27 + (2 - 2) - -4
-38
Calculate (3 - -68) + (-75 - (-62 - -5)).
53
What is the value of 48 - (-2 - (-10 + -37))?
3
Calculate (-28 - -31) + (-13 - 1) - (-8 - 16).
13
What is -2 - (-21 + 26 + -22) - -30?
45
What is the value of -10 + -31 + 31 + -1 + -43?
-54
Evaluate (124 - 78) + 71 + -8 + -2.
107
-2 - (114 - 0) - (1116 - 1107)
-125
Evaluate 60 + ((-5 - 3) + (37 - 28) - (-4 + -2)).
67
Calculate -67 + -49 + 7 + 88 + -1.
-22
What is (-62 - (26 - 99)) + -7?
4
Evaluate 13 - (88 + -85 - 20).
30
What is -1 + -50 + -2016 + 2058?
-9
Evaluate -95630 - -95639 - (1 - -4 - (-1 - 0)).
3
What is the value of -60 + 40 + 31 - (-3 + 50)?
-36
What is -8 - ((-8 + 12 - -2) + -15 + (9 - -2))?
-10
Calculate (41 - (-8 + 91)) + 36.
-6
Evaluate -390 + 361 + (-5 - 6).
-40
Calculate (97 - 60) + -60 - 41.
-64
What is the value of (-153 - -161) + -119 + (-5 - (-1 + 0))?
-115
What is 1 + 1 - (8280 - 8246)?
-32
Calculate 44 - (-28 - (49 - 130)).
-9
Calculate -24 - (-52 - -34 - -5).
-11
(-1 - -15 - (-304 - -312)) + (-5 - -2)
3
-3 + (-4 - -5) + (-1 - 9) + (1514 - 1540)
-38
What is the value of 1983 - 1982 - (-108 - (-2 - 0)) - -10?
117
(6 - -2 - (72 + -68 + -18)) + -97
-75
Calculate 3 + (0 - 2) - -2 - (137 - 76 - -1).
-59
-85 - (-21 - (-40 - (25 - 58)))
-71
What is the value of 11 + (-5 + 24 + 5 - 20)?
15
Evaluate -10 + 21 - (4 - -34 - (-1 + -3)).
-31
What is the value of -35 + 53 + (0 - 17)?
1
What is the value of (-26 - (20 + -63 + 35)) + -21?
-39
Calculate 127 - (-229 + 237 + (10 - (-5 - -2))).
106
(-13 - (-120 + (14 - 0))) + 4 + (-9 - 8)
80
What is 86 - ((64 - 85 - (-28 + 2)) + (2 - -4))?
75
What is the value of (30 - 117) + 118 + -16 + 0?
15
What is the value of 31 - (0 - -16 - 4) - 16?
3
-58 + (38 - -15) - -15
10
Evaluate (-11 - 34) + 113 - 64.
4
What is -13 + 11 + (-13 - ((6 - 8) + -8))?
-5
91 + -16 + (-2 - (4 + -21)) + -7
83
Calculate -114 - (-142 + -13) - (-2 - 1).
44
What is the value of -28 + (25 - (-16 + 21))?
-8
What is the value of (-77 - -58) + (-16 + -5 - -12)?
-28
Evaluate (-14 - 0) + (-61 - -25 - -32).
-18
Calculate 34 + -54 - (17 + -17 + -16).
-4
What is the value of 120 - 119 - (16 + 32 + -2 + -5)?
-40
Evaluate 10 + -2 + (-30 - ((-12 - 2) + 11)).
-19
Calculate -75 - (-108 + (-6 - -65)).
-26
What is 13 - (-115 - -118 - (-21 + 3))?
-8
Evaluate (2 + -11 - 1 - (28 - -33)) + 5.
-66
What is (-6 - (49 + (10 - 4))) + (-166 - -179)?
-48
Calculate -3 + (-41 + 62 + -31 - (16 - 2)) + -2.
-29
What is 62 + -14 + (29 - 49) + 3?
31
What is the value of 7 + -1 + (959 - 969 - (-43 - 1))?
40
What is -8 - (-27 + -10 + 52 + -88)?
65
(-29 + 30 - 47) + 51
5
What is (-21 - -10) + (168 - 134)?
23
What is 19 + 52 + -25 - 38?
8
-14 - (-5 + 1 - (2 + -16 - -21) - -10)
-13
What is the value of (14 - (38 - 15)) + -56?
-65
7748 - 7692 - (2 + 48)
6
What is 10 + (6 - -1) + (-2 + 11 - 6 - 28)?
-8
-7 + 9 + -16 + 1 + 4 + (7 - 1)
-3
77 + -2 + (-1319 - -1304)
60
Evaluate -6 + -73 + 0 + (-15 - (-21 - 14)).
-59
What is the value of (7 - 2) + (3 - 28) + 19 + 3?
2
15 + 83 + -85 + -62
-49
What is 193 + -198 + (1 - -6 - -1)?
3
What is the value of -43 - (5 + (-1 - 9) + 1 + 100 + -96)?
-43
Calculate -6 - (18 + 10 + -15) - 11.
-30
What is the value of 29 + 10 + -41 + 12 - -44?
54
What is -8 - (-84 + -2 - (-226 + 206))?
58
Evaluate (3 + 2 - (-136 + 127 + 6 + 0)) + -16.
-8
What is (1 - 8) + (20 - (-46 + 18)) + 2?
43
Evaluate (19 + -1 - (-34 - -33)) + (2 - 110).
-89
Evaluate -75 + (25 - 50 - -51 - -11).
-38
What is 758 + -780 - (2 + -28 - 1)?
5
What is the value of -1 + 29 + -36 + 21 + -8 + 21?
26
What is the value of -4 + (-35 - -82) + -91 + -3?
-51
53 - (78 - (-33 - -117))
59
Calculate (0 - -2) + (31 + 78 - 48).
63
What is the value of 5 + 12 - -23 - 18 - (4 + 1)?
17
What is -8 - (55 - (42 - 29))?
-50
What is the value of (0 - -14) + (1 - (39 - -3)) + -4?
-31
-79 + -1 - (-27 - (-12 + (28 - 51)))
-88
Evaluate -20 + -12 + 13 + (5 - (-10 - 0)) + 15.
11
Evaluate (-39 - 66) + 51 - -100.
46
What is the value of -326 + 319 - (5 - (5 - 23))?
-30
Evaluate (-4 - (-1 - -5 - -74)) + 10 + 37 + -46.
-81
What is the value of 17 + (-135 - (10 - 24)) + -13 + (-4 - -12)?
-109
What is -9 + -54 + (74 - 43)?
-32
What is 31 - (43 - 17 - -47)?
-42
Evaluate 8 + 6 + (24 + -12 - 11) - (31 + -44).
28
What is (-3 - -2) + 8 - (41 + (5 - -2))?
-41
What is the value of 25 + 14 + (-9 - 37)?
-7
Evaluate 3 + -10 - ((4 - 8) + 0 + 7).
-10
What is the value of (1 - (1 + 0) - (11 - -23 - 42)) + -11?
-3
Evaluate (7 - -10) + 60 + -40 + 51.
88
What is the value of 6 - (7 + 5 - 17) - (11 - -4)?
-4
76 + -34 - 16 - (21 + -1)
6
Evaluate 3 + -12 + 45 + (13 - (13 - 8)).
44
Calculate 95 + (-101 + 111 + -1 + 1 + -3 - 19).
83
What is the value of 14 + -7 + -1 + (0 - 2) - (26 + -26)?
4
-2 - (-8 + (1 - (0 - -9)) + 60 + -8)
-38
Calculate (58 - -7) + -117 + 6.
-46
What is 61 + -29 + 19 + -12 + -31?
8
What is 64 - (1 - 0) - (38 + -9 - (56 - 27))?
63
Evaluate 67 + (-28 - (81 + -23)).
-19
What is 27 + -1 - (-9 - (-23 - 17))?
-5
What is 59 + (36 - 81) + 37?
51
-9 - 67 - (-430 + 343)
11
Calculate 20 - (0 - (-9 - 8 - 1)) - 65.
-63
Calculate (-7 - (5 - 5)) + -14 + (14 - 7).
-14
Calculate (-4 + 4 - (-5 + 25)) + 15 + -4.
-9
Calculate 15 + -69 + (43 - 22) + 4.
-29
What is (-12 - 8) + -147 + 155 - -17?
5
What is 61 + (0 - 38) + -67?
-44
57 - (-25 - -93) - -25
14
-34 + -8 - -82 - (0 - (-4 + 2 + 1))
39
Calculate 61 + (-1 - 1) + (-222 - -205).
42
What is 76 - (115 - (59 - -68))?
88
What is -58 - ((67 - 52) + -74)?
1
Calculate -10 + -64 + 28 + -11 + 29.
-28
Calculate -9 - (-7 + 41 + 2) - ((-19 - 3) + 35).
-58
What is 70 + (-6 - -5) - (2 - 2) - (279 - 272)?
62
Evaluate (4 - 10 - -14 - (4 + -5)) + 14 + -5.
18
25 + -16 + -124 + -15 - (-12 + 2)
-120
(-337 - -295) + -2 + (-2 - -2) + 2 + -8
-50
What is the value of (1 - 38) + (75 - (57 - -6)) + -6?
-31
What is (-11 - (-9 - (3 - 0 - -5))) + -47 + -4?
-45
Calculate 31 + -165 + -4 + (-10 - (-1 - -2)) + -1.
-150
Calculate -128 - (30 + (89 - 48) + -48).
-151
What is -82 + 77 + -3 + 0 + (0 - 0)?
-8
What is the value of -5 + 7 + (-40 - -70)?
32
Calculate (23 + 53 - 151) + 84.
9
What is 4 + 9 + (-32 - 22) + 20?
-21
Calculate (-17 - -5) + 24 - (-107 - -34).
85
139 + -207 - -89 - (0 - -55)
-34
What is the value of -9 + -1 - ((23 - (-27 - 8)) + 20)?
-88
Evaluate -19 - (-51 + -7) - 36 - (0 - -62).
-59
-2 - ((12 - 2) + (68 - 74))
-6
Calculate 7 + ((13 - 93 - -15) + (11 - 3) - 7).
-57
What is 12 + (-22 - (-26 + -26) - -13) + (-1 - 10)?
44
Evaluate 0 - 5 - ((1 - (4 - 6)) + -493 + 579).
-94
Calculate 12 - ((18 - -131) + -105).
-32
What is the value of -1 + 0 + (34 - (-73 + 85))?
21
Calculate -3 - (2 - 0) - -3 - (-13 - (12 - -40)).
63
What is -10 + -40 + 137 + -50?
37
Evaluate -13 + -63 - -78 - (18 - 4 - (0 + 1)).
-11
Calculate (-9 + -35 - -55 - (0 - (2 + 94))) + -9.
98
What is -9 - 1 - (0 + -5 - (-436 - -491))?
50
What is the value of -10 + 12 + 2 - (-50 - -42)?
12
What is the value of -126 + (281 - 99 - 39)?
17
Calculate (0 - 2) + (41 - (19 + 5) - -45).
60
What is (21 - (-15 + 31)) + 8 + -1 - (161 - 91)?
-58
What is 16 + 12 + -50 + 17?
-5
What is (-10 - (-14 + -2)) + 12 + (-3 + -16 - -8)?
7
What is the value of (64 - -2) + 6763 + -6909?
-80
Calculate 41 + (-8 - (-51 + 148)).
-64
(7 - 15) + -14 + 37 - ((135 - 3) + 1)
-118
Calculate (514 - 547) + (-1 - -24) - (-2 + 1) - 11.
-20
Evaluate -11 - (12 - (-42 - (11 + -24) - (8 - 13))).
-47
What is -2 + (1 - (-38 - (4 + 1 + (-10 - 5))))?
27
-1 + (3 + (1 - 0) - (36 - (6 + -20)))
-47
Calculate 57 + -72 - (-9 + -20) - -17.
31
Calculate 688 + -686 + (2 - 1 - 22) + -9.
-28
Evaluate 8 + (3 - 6 - 15) + -45 + -1.
-56
Calculate -9 + (21 + 20 - 88) + 20.
-36
Evaluate 25 + -7 + -50 - 48.
-80
Evaluate (-24 + 0 + 26 - (-8 - -4)) + -9.
-3
What is the valu